et l(n) = -2*n - 9. Let x be l(-6). Suppose j = x*f - 20. Is f a composite number?
False
Let f be -2*-5*1*2. Let h = f + -11. Suppose 39 - h = 3*r - c, -5*c = -15. Is r a prime number?
True
Let r be (-7)/(-3) + (-1)/3. Suppose 0 = -t - l + 1, -t - r*l - 7 = l. Suppose -t*k = -0*k - 335. Is k composite?
False
Let s(t) = -3 + 4 - 8*t + 0. Let g be s(1). Let r(m) = -17*m. Is r(g) a composite number?
True
Let f be (-2)/5 - (-167)/5. Let g be f/(-2)*-1*30. Suppose g = 3*o + 6. Is o a composite number?
False
Suppose -5*w = -5*i - 35, -w + 11 = w - i. Suppose 2*r = w*r. Let u = 4 + r. Is u a composite number?
True
Suppose 0 = -j - 8 + 127. Is j prime?
False
Is (3 - (-3 - 172))/1 prime?
False
Suppose 5*c - 500 = 4*c. Let b = -235 + c. Is b prime?
False
Let l be -1 - -78*(-39)/(-6). Suppose w + 5 = 9. Suppose -6*k = -w*k - l. Is k a prime number?
False
Let k(q) = -q + 4. Let m be k(0). Suppose 2*y = 5*n + 294, n - 648 = -m*y - 4*n. Is y a composite number?
False
Suppose -103 = 2*q - 473. Is q a composite number?
True
Let l = -10 - -15. Suppose l*k = 196 + 4. Let h = k - 7. Is h a prime number?
False
Suppose -3*x = 3*m - 78, -2*x + 20 = m + 2*x. Is m/(-6)*(-45)/6 composite?
True
Suppose 132*z = 126*z + 1758. Is z composite?
False
Suppose f = 3*t + 7474, -2*t - 4834 - 142 = -2*f. Is (-2)/5 + t/(-45) a composite number?
True
Suppose 5*d - 2*r - 48 = -r, 0 = d + 3*r - 16. Suppose -d*n = -12*n + 478. Is n a composite number?
False
Let o be (-1 + -1)/1 - 0. Is ((-5)/3)/(o/18) a composite number?
True
Suppose 0 = y - 21 + 5. Let q be 8/6 - (-4)/6. Suppose q*m + 2*m = -y, -p + 141 = 2*m. Is p composite?
False
Suppose 0 = 2*p - 4*p + 8. Let m = 0 + p. Suppose 2*x + m*u = 21 + 9, 2*x - 4*u - 70 = 0. Is x a prime number?
False
Let l(f) = f**3 - f**2 + 4. Let c be l(0). Suppose 0 = 5*j + 25, 450 = c*o + o - 4*j. Suppose 33 - o = -z. Is z a composite number?
False
Let q(v) = v**3 - 11*v**2. Let g be q(11). Suppose -2*m + 0*m + 3*c + 32 = 0, -3*c + 12 = g. Is m a composite number?
True
Suppose 9 = -5*u - 16. Let m(b) = -b - 7. Let c be m(u). Is (0 + -49)*2/c a prime number?
False
Let j(n) = 19*n**2 + 14*n - 14. Is j(-9) composite?
False
Suppose -2 = 3*h - 4*h - 2*b, 4*h + 28 = 4*b. Let z be 2*4*1/2. Is (h + 6)/(z/22) a composite number?
False
Let y be (-4)/10*(-1657 - 3). Suppose 3*m = 2*m + 5*j + 166, -3*j = -4*m + y. Is m composite?
True
Suppose 4 = -4*m - 3*u, -5*m - 2*u + 1 + 1 = 0. Let g = 0 + m. Suppose -2*d + g*j + 54 = -0*j, 2*d + 2*j = 34. Is d a prime number?
False
Suppose m - 18 = -2*x - 0*x, -2*m = -4*x + 4. Suppose -5*q + 2 = -m. Suppose -6*h + 83 = c - q*h, 3*c + 5*h - 221 = 0. Is c composite?
False
Suppose 0 = r + 2*r - 4*m - 5709, 0 = 4*m - 12. Is r composite?
False
Let c(b) = -4*b**2 + 1. Let v be c(-1). Let g(p) = 49*p**2 - p + 3. Let k be g(v). Suppose -3*t + t + 3*f = -170, -5*t + 2*f = -k. Is t composite?
True
Let n = 342 + -131. Is n a composite number?
False
Let q(f) = -f**3 - 4*f**2 - 2*f + 1. Let u be q(-3). Let x = 4 + u. Suppose 5*b + x*n = 7*n + 390, 5*b = -2*n + 397. Is b a composite number?
False
Suppose 0 = 4*h + 2*a - 16, -3*h + 8*h = 3*a + 31. Suppose 0 = -5*w + c - 1, -h*w - 5*c - 6 = 19. Is (w/2)/((-2)/332) prime?
True
Let c(s) be the third derivative of s**4/24 + 23*s**3/6 - 4*s**2. Let k be 5/(-5) - (1 + -2). Is c(k) a composite number?
False
Let u(v) = -v**2 - 17*v + 7. Let m be u(-17). Let r(k) = 42*k - 1. Is r(m) composite?
False
Let l(m) = 6*m**2 + 3. Let w be l(-5). Suppose -f = -3*z + w, -3*z - 3*f - f = -168. Suppose -4*g + z = 16. Is g composite?
True
Let l(p) = -8*p + 3. Is l(-4) composite?
True
Suppose 0 = -t - 2, 3*t + 823 = 4*p - 175. Let j be -30*(-27)/6 - 0. Let l = p - j. Is l a composite number?
False
Suppose -v + 0*v = -49. Is v a prime number?
False
Suppose 0 = -2*i - i - 33. Let n = -8 + 4. Let v = n - i. Is v composite?
False
Suppose 0 = -4*t + 20, -3*t - 43856 = -4*q + t. Is q prime?
False
Let l = -33 - 14. Let u = 216 + l. Is u composite?
True
Let r be ((-1)/(-3))/(1/18). Let u = 13 + r. Is u a prime number?
True
Is (-7)/35 - (-2866)/5 a prime number?
False
Let f be 18/(6/21 + 0). Is ((-20)/(-4) - 3) + f a prime number?
False
Suppose -5*a = -3*b, -3*a = -a - 6. Suppose 0 = q - b*o + 4*o - 26, -2*q + o + 57 = 0. Is q prime?
True
Let z(p) = -43*p - 4. Is z(-2) a prime number?
False
Let m(h) = -2*h**3 - 4*h**2 + 6*h - 1. Is m(-12) composite?
True
Let x(y) = 30*y - 5. Is x(8) prime?
False
Suppose 3*r - 2407 = -4*n, -3*r + 998 + 1389 = -n. Is r composite?
False
Let b(d) = -d + 3. Let o(q) = -q**2 - 7. Let y be o(0). Is b(y) composite?
True
Is (-61)/(4/(4 - 56)) composite?
True
Suppose f - 93 - 158 = 0. Is f a prime number?
True
Let g(w) = 2460*w**3 + w**2 + 2*w - 2. Is g(1) a composite number?
True
Suppose -g - 440 = -b - 100, 0 = b - 5*g - 352. Is b a composite number?
False
Suppose 5*i + 0*i + 15 = 3*b, 2*i = 2*b - 6. Suppose 0*f - f + u + 72 = b, 0 = -4*u - 20. Is f composite?
False
Let r = -2363 + 5712. Is r a composite number?
True
Let f = 4 - 4. Suppose f*k + k - 287 = 0. Is k a composite number?
True
Is 9380/6 + (-38)/114 prime?
False
Let n(k) = 49*k**3 - 5*k**2 + 2*k + 1. Is n(2) a prime number?
False
Let x = -1268 - -714. Is 2/3 + x/(-6) prime?
False
Is (-2 + (-3)/(-3))*(-65 - 2) a composite number?
False
Let t(u) = 2*u**2 - 7*u + 12. Let q be t(8). Suppose -5*d = 5*p - 225, -2*d - p - q = -4*d. Is d a composite number?
False
Let x = 317 + -100. Is x prime?
False
Let i be (2/4)/((-8)/96). Let l(x) = 2*x**2 + 7*x - 8. Let k be l(i). Suppose 55 = j - k. Is j a composite number?
True
Suppose 0*j - 4*r = 3*j - 15, -3*r = 0. Suppose -66 = j*d - 3*m - 248, -2*m = -2. Is d composite?
False
Let o(h) = -h - 4. Let w be o(-6). Suppose 0*f - 3*g - 1 = f, w*f - 4*g = 48. Is f a prime number?
False
Let b = 156 + 13. Let f = -111 + b. Is f prime?
False
Is 4/4 + 3 + 523 a prime number?
False
Suppose -t + 595 = 4*t. Is t prime?
False
Let b(w) = 9*w + 4. Suppose 8 = -5*x - 7. Let u = 4 - x. Is b(u) a composite number?
False
Let t(b) = 16*b**2 + 8*b - 1. Is t(8) a prime number?
True
Let a = 184 + 223. Is a a prime number?
False
Let d = 228 + -145. Is d composite?
False
Let q(k) be the third derivative of -k**6/20 + k**5/30 - k**3/6 + 3*k**2. Let m = -1 + -1. Is q(m) a prime number?
False
Suppose -3*p = -1069 - 170. Is p a prime number?
False
Let a(v) = 170*v + 19. Is a(5) prime?
False
Let a(f) = 4*f**2 + 16*f + 19. Is a(-13) composite?
False
Suppose 0*r = r - 3. Let s(h) = -5*h + 7. Let k be s(-5). Suppose -k = r*b - 203. Is b a composite number?
True
Suppose 2*z - 5*d - 1 - 2 = 0, -3 = -3*d. Suppose -z*p + 6*y = 2*y, 4*p = 2*y + 10. Suppose -5*b - 71 - 12 = -u, 0 = 5*u + p*b - 265. Is u a prime number?
False
Suppose -2*m + 477 + 819 = 0. Let d = -413 + m. Is d a composite number?
True
Let t(g) = g**3 + g - 6. Let p be t(0). Let k = p + 20. Is k a prime number?
False
Suppose 8 = 2*t, -3*t = i - 4*t - 2995. Is i a composite number?
False
Let i be (2/(-2))/((-6)/12). Suppose -83 = -l + 4*z + 16, -i*z - 287 = -3*l. Is l a composite number?
True
Let u = -101 - -432. Is u a prime number?
True
Is 24/9*(-261)/(-12) composite?
True
Is (-110 - -1)/(2/(-34)) a composite number?
True
Suppose 8*d = -6*d + 40558. Is d a composite number?
False
Suppose 5*d - 1330 = -3*q + 2*q, -4*d + 4*q = -1088. Is d a composite number?
True
Suppose -2 = 4*n - 50. Let a = -2 - -5. Is 51 - (2 - n/a) prime?
True
Suppose -2*z + 1636 = -0*z. Is z a composite number?
True
Suppose 7*n - 1243 = -4*n. Is n prime?
True
Let m(j) = -2*j**2 - 2*j + 755. Is m(0) a composite number?
True
Let f = 707 + -360. Is f a composite number?
False
Suppose -3*i - 7 = 8. Is 4192/10 - (-1)/i composite?
False
Is 3957/(-4)*6/(-27)*6 a composite number?
False
Suppose -2*w = 5*u - 33, 2*w + 15 + 15 = 4*u. Let g(p) = p**2 + 10*p - 4. Let v be g(u). Let s = -36 + v. Is s a prime number?
True
Let p(h) = 39*h**2 - h - 5. Is p(-4) a prime number?
False
Suppose 4*f - 17972 = 3*w, -4*w + 10073 = 5*f - 12392. Is f prime?
True
Suppose -5*p + 72 = i, 4*i = -7*p + 2*p + 303. Is i a composite number?
True
Let a = -1578 - -3481. Is a composite?
True
Let k(t) = 5*t - 5*t - 7*t. Let h be k(-7). Suppose -4*p - h = -269. Is p a composite number?
True
Suppose -793 = -3*i - 4*l, -l + 4*l - 789 =